78609
List the prime factors of 14677054.
2, 7, 1048361
List the prime factors of 767578940.
2, 5, 73, 525739
List the prime factors of 266967726.
2, 3, 547, 81343
What are the prime factors of 264582232?
2, 33072779
What are the prime factors of 130224061?
11, 151, 78401
What are the prime factors of 193205979?
3, 2385259
What are the prime factors of 131441742?
2, 3, 7302319
List the prime factors of 433961481.
3, 29, 47, 106129
List the prime factors of 78226471.
47, 163, 10211
What are the prime factors of 1321209074?
2, 660604537
What are the prime factors of 1829822815?
5, 283, 587, 2203
What are the prime factors of 88776403?
88776403
List the prime factors of 3778711.
43, 87877
List the prime factors of 450982728.
2, 3, 7, 11047
What are the prime factors of 3041780670?
2, 3, 5, 199, 169837
What are the prime factors of 1914973906?
2, 22787, 42019
What are the prime factors of 34222227?
3, 13, 467, 1879
What are the prime factors of 231650889?
3, 3019, 25577
What are the prime factors of 1487114473?
13, 23, 4973627
What are the prime factors of 2035855924?
2, 1279, 397939
List the prime factors of 42366612.
2, 3, 41, 86111
What are the prime factors of 943517989?
13121, 71909
List the prime factors of 3639823307.
67, 71, 765151
List the prime factors of 196990865.
5, 47, 73, 11483
List the prime factors of 400849478.
2, 181, 1107319
List the prime factors of 122401672.
2, 15300209
What are the prime factors of 306126556?
2, 19, 101, 2099
List the prime factors of 75151751.
75151751
What are the prime factors of 1218662649?
3, 7433, 18217
List the prime factors of 582254769.
3, 194084923
List the prime factors of 8186617.
449, 18233
What are the prime factors of 448750928?
2, 173, 223, 727
What are the prime factors of 16049992?
2, 7, 29, 9883
What are the prime factors of 2593755281?
13, 257, 383, 2027
List the prime factors of 148489723.
148489723
List the prime factors of 73111727.
13, 5623979
List the prime factors of 221528942.
2, 19, 61, 95569
List the prime factors of 409613561.
7, 58516223
List the prime factors of 258822716.
2, 64705679
What are the prime factors of 1233644021?
29, 1907, 22307
What are the prime factors of 806748533?
806748533
List the prime factors of 46149691.
7, 6592813
List the prime factors of 94732798.
2, 47366399
What are the prime factors of 5764141293?
3, 1921380431
What are the prime factors of 2266903?
23, 98561
What are the prime factors of 221392571?
37, 5983583
What are the prime factors of 364795469?
17, 37, 579961
List the prime factors of 254588193.
3, 28287577
List the prime factors of 8316006906.
2, 3, 19, 739, 98711
List the prime factors of 213148815.
3, 5, 11, 107, 12073
What are the prime factors of 218015671?
19, 101, 103, 1103
What are the prime factors of 166841931?
3, 23, 2417999
What are the prime factors of 454955427?
3, 109, 154589
What are the prime factors of 7473535878?
2, 3, 1245589313
What are the prime factors of 2354713787?
5279, 446053
List the prime factors of 604435700.
2, 5, 11, 37, 14851
What are the prime factors of 3912133488?
2, 3, 81502781
List the prime factors of 278535457.
521, 534617
What are the prime factors of 291090580?
2, 5, 11, 1323139
List the prime factors of 39994731.
3, 7, 89, 1019
List the prime factors of 62753745.
3, 5, 4183583
What are the prime factors of 724750287?
3, 241583429
What are the prime factors of 1266324168?
2, 3, 52763507
What are the prime factors of 6596971244?
2, 17, 31, 383, 8171
List the prime factors of 191345628.
2, 3, 3313, 4813
What are the prime factors of 818559408?
2, 3, 17053321
List the prime factors of 12002182.
2, 23, 113, 2309
List the prime factors of 2027852651.
11, 184350241
List the prime factors of 21969172.
2, 5492293
What are the prime factors of 1815633555?
3, 5, 121042237
What are the prime factors of 1433370000?
2, 3, 5, 47779
What are the prime factors of 241670585?
5, 13, 179, 20771
List the prime factors of 6714224934.
2, 3, 1119037489
What are the prime factors of 903609313?
17, 5519, 9631
List the prime factors of 13547926.
2, 7, 967709
What are the prime factors of 1529259374?
2, 23, 139, 239171
List the prime factors of 122494394.
2, 11, 521, 10687
What are the prime factors of 105782934?
2, 3, 23, 766543
What are the prime factors of 168301810?
2, 5, 19, 23, 2027
List the prime factors of 100299446.
2, 13, 31, 107, 1163
List the prime factors of 348396445.
5, 19, 31, 281, 421
List the prime factors of 160981620.
2, 3, 5, 1019, 2633
What are the prime factors of 75689689?
2477, 30557
What are the prime factors of 1660402311?
3, 553467437
List the prime factors of 33562620.
2, 3, 5, 7, 13, 683
List the prime factors of 88131526.
2, 7, 6295109
List the prime factors of 1596683099.
11, 145153009
What are the prime factors of 47617032?
2, 3, 1984043
List the prime factors of 20079247.
251, 79997
What are the prime factors of 159742864?
2, 9983929
What are the prime factors of 948407353?
21739, 43627
What are the prime factors of 22628143?
3391, 6673
What are the prime factors of 79604252?
2, 7, 13, 383, 571
List the prime factors of 2198971139.
29, 1487, 50993
What are the prime factors of 24458492?
2, 6114623
List the prime factors of 478721421.
3, 139, 14173
What are the prime factors of 76543126?
2, 11, 23, 6577
What are the prime factors of 84775638?
2, 3, 31, 455783
List the prime factors of 53178773.
53178773
What are the prime factors of 37887048?
2, 3, 175403
List the prime factors of 1714364643.
3, 17, 131, 256603
What are the prime factors of 21536472?
2, 3, 821, 1093
List the prime factors of 93657565.
5, 157, 229, 521
List the prime factors of 7037457.
3, 7, 335117
List the prime factors of 54453177.
3, 6050353
What are the prime factors of 7733636?
2, 43, 44963
List the prime factors of 62728490.
2, 5, 11, 419, 1361
List the prime factors of 4334903885.
5, 13, 73, 913573
List the prime factors of 2701036279.
17, 47, 449, 7529
List the prime factors of 37443615.
3, 5, 11, 257, 883
List the prime factors of 4237759218.
2, 3, 7, 11, 17, 77081
List the prime factors of 1651232258.
2, 13, 63508933
What are the prime factors of 125020748?
2, 31255187
What are the prime factors of 61638621?
3, 11, 41, 45557
List the prime factors of 11571203.
7, 17, 29, 479
List the prime factors of 64267781.
1361, 47221
What are the prime factors of 3714669437?
3714669437
What are the prime factors of 1264863457?
11, 13, 31, 25939
List the prime factors of 51962464.
2, 1623827
What are the prime factors of 4898640214?
2, 13, 188409239
What are the prime factors of 492005986?
2, 41, 6000073
List the prime factors of 701629724.
2, 47, 3732073
List the prime factors of 32231352.
2, 3, 1342973
What are the prime factors of 261076435?
5, 19, 43, 79, 809
What are the prime factors of 27882214?
2, 41, 340027
List the prime factors of 366915144.
2, 3, 15288131
What are the prime factors of 12451471?
733, 16987
List the prime factors of 1058432550.
2, 3, 5, 7, 1008031
List the prime factors of 367965464.
2, 173, 265871
List the prime factors of 975435751.
14479, 67369
What are the prime factors of 2718315873?
3, 7, 13, 3319067
List the prime factors of 1804752975.
3, 5, 24063373
What are the prime factors of 234080078?
2, 1979, 59141
What are the prime factors of 6358746643?
631, 10077253
What are the prime factors of 11050905?
3, 5, 127, 5801
What are the prime factors of 638718403?
131, 4875713
What are the prime factors of 54113875?
5, 97, 4463
List the prime factors of 257533760.
2, 5, 11, 23, 3181
List the prime factors of 795863245.
5, 17, 9363097
What are the prime factors of 128341057?
13, 877, 11257
List the prime factors of 317018344.
2, 19, 103, 20249
What are the prime factors of 32490180?
2, 3, 5, 60167
What are the prime factors of 462047390?
2, 5, 7, 6600677
What are the prime factors of 1234127563?
17, 37, 43, 103, 443
What are the prime factors of 73571922?
2, 3, 1362443
What are the prime factors of 751347059?
751347059
List the prime factors of 4206657887.
23, 182898169
What are the prime factors of 44025733?
17, 2589749
List the prime factors of 988928491.
43, 22998337
What are the prime factors of 46890701?
11, 13, 193, 1699
What are the prime factors of 1685881539?
3, 313, 199489
What are the prim